{"id":2760,"date":"2022-12-02T14:33:26","date_gmt":"2022-12-02T17:33:26","guid":{"rendered":"https:\/\/www.deltamoveis.com.br\/site\/?post_type=product&#038;p=2760"},"modified":"2023-03-14T09:18:47","modified_gmt":"2023-03-14T12:18:47","slug":"conjunto-aluno","status":"publish","type":"product","link":"https:\/\/www.deltamoveis.com.br\/site\/produto\/conjunto-aluno\/","title":{"rendered":"CONJUNTO ALUNO"},"content":{"rendered":"<p><strong>Conjunto aluno<\/strong><\/p>\n<p>Nosso conjunto aluno traz um novo visual para sala de aula, garantindo <strong>conforto<\/strong> e <strong>flexibilidade\u00a0<\/strong>para o aluno;<\/p>\n<p>Vem com <strong>Porta copos, <\/strong>uma op\u00e7\u00e3o para utilizar copos ou garrafas;<\/p>\n<p>Conta tamb\u00e9m com <strong>Porta livros, <\/strong>para trazer facilidade ao guardar seu material na hora da aula;<\/p>\n<p>Com v\u00e1rias <strong>op\u00e7\u00f5es de cores<\/strong>, que combina com seu ambiente;<\/p>\n<p>A cadeira \u00e9 <strong>ergonomicamente correta<\/strong>, para a postura corporal do aluno;<\/p>\n<p>Nesse conjunto trazemos uma combina\u00e7\u00e3o de cor e praticidade para sua escola.<\/p>\n<p>&nbsp;<\/p>\n<ul>\n<li>Porta copos<\/li>\n<li>Porta livros<\/li>\n<li>Sapatas de pl\u00e1stico<\/li>\n<\/ul>\n<p>&nbsp;<\/p>\n<p>&nbsp;<\/p>\n","protected":false},"excerpt":{"rendered":"<p>Conjunto aluno Nosso conjunto aluno traz um novo visual para sala de aula, garantindo conforto e flexibilidade\u00a0para o aluno; Vem com Porta copos, uma op\u00e7\u00e3o para utilizar copos ou garrafas; Conta tamb\u00e9m com Porta livros, para trazer facilidade ao guardar seu material na hora da aula; Com v\u00e1rias op\u00e7\u00f5es de cores, que combina com seu [&hellip;]<\/p>\n","protected":false},"featured_media":2782,"template":"","meta":{"om_disable_all_campaigns":false},"product_cat":[56,26],"product_tag":[],"class_list":{"0":"post-2760","1":"product","2":"type-product","3":"status-publish","4":"has-post-thumbnail","6":"product_cat-conjuntos","7":"product_cat-escolares","9":"first","10":"instock","11":"shipping-taxable","12":"purchasable","13":"product-type-variable"},"acf":[],"aioseo_notices":[],"_links":{"self":[{"href":"https:\/\/www.deltamoveis.com.br\/site\/wp-json\/wp\/v2\/product\/2760","targetHints":{"allow":["GET"]}}],"collection":[{"href":"https:\/\/www.deltamoveis.com.br\/site\/wp-json\/wp\/v2\/product"}],"about":[{"href":"https:\/\/www.deltamoveis.com.br\/site\/wp-json\/wp\/v2\/types\/product"}],"wp:featuredmedia":[{"embeddable":true,"href":"https:\/\/www.deltamoveis.com.br\/site\/wp-json\/wp\/v2\/media\/2782"}],"wp:attachment":[{"href":"https:\/\/www.deltamoveis.com.br\/site\/wp-json\/wp\/v2\/media?parent=2760"}],"wp:term":[{"taxonomy":"product_cat","embeddable":true,"href":"https:\/\/www.deltamoveis.com.br\/site\/wp-json\/wp\/v2\/product_cat?post=2760"},{"taxonomy":"product_tag","embeddable":true,"href":"https:\/\/www.deltamoveis.com.br\/site\/wp-json\/wp\/v2\/product_tag?post=2760"}],"curies":[{"name":"wp","href":"https:\/\/api.w.org\/{rel}","templated":true}]}}