{"id":2432,"date":"2022-12-02T11:25:15","date_gmt":"2022-12-02T14:25:15","guid":{"rendered":"https:\/\/www.deltamoveis.com.br\/site?post_type=product&#038;p=2432"},"modified":"2023-03-14T15:35:50","modified_gmt":"2023-03-14T18:35:50","slug":"armarios","status":"publish","type":"product","link":"https:\/\/www.deltamoveis.com.br\/site\/produto\/armarios\/","title":{"rendered":"ARM\u00c1RIOS"},"content":{"rendered":"<p><strong>Arm\u00e1rio professor<\/strong><\/p>\n<p>Nunca foi t\u00e3o <strong>simples<\/strong> organizar seus documentos com nosso <strong>arm\u00e1rio professor<\/strong><\/p>\n<p>Com<strong> 3 prateleiras<\/strong> espa\u00e7osas para guardar <strong>cadernos, pastas e objetos escolares<\/strong><\/p>\n<p><strong>Na cor cinza<\/strong>, nossa arm\u00e1rio vai com <strong>chaves<\/strong> para trancamento<\/p>\n<p>E disp\u00f5e de um<strong> visual cl\u00e1ssico<\/strong> para sua escola.<\/p>\n<p>Qualidade e durabilidade voc\u00ea s\u00f3 encontra em<strong> nossos produtos.<\/strong><\/p>\n<p>&nbsp;<\/p>\n<ul>\n<li>Chaves<\/li>\n<li>3 prateleiras<\/li>\n<li>cor cinza padr\u00e3o<\/li>\n<\/ul>\n<p>&nbsp;<\/p>\n<p>&nbsp;<\/p>\n","protected":false},"excerpt":{"rendered":"<p>Arm\u00e1rio professor Nunca foi t\u00e3o simples organizar seus documentos com nosso arm\u00e1rio professor Com 3 prateleiras espa\u00e7osas para guardar cadernos, pastas e objetos escolares Na cor cinza, nossa arm\u00e1rio vai com chaves para trancamento E disp\u00f5e de um visual cl\u00e1ssico para sua escola. Qualidade e durabilidade voc\u00ea s\u00f3 encontra em nossos produtos. &nbsp; Chaves 3 [&hellip;]<\/p>\n","protected":false},"featured_media":2569,"template":"","meta":{"om_disable_all_campaigns":false},"product_cat":[40],"product_tag":[],"class_list":{"0":"post-2432","1":"product","2":"type-product","3":"status-publish","4":"has-post-thumbnail","6":"product_cat-outros","8":"first","9":"instock","10":"shipping-taxable","11":"purchasable","12":"product-type-variable"},"acf":[],"aioseo_notices":[],"_links":{"self":[{"href":"https:\/\/www.deltamoveis.com.br\/site\/wp-json\/wp\/v2\/product\/2432","targetHints":{"allow":["GET"]}}],"collection":[{"href":"https:\/\/www.deltamoveis.com.br\/site\/wp-json\/wp\/v2\/product"}],"about":[{"href":"https:\/\/www.deltamoveis.com.br\/site\/wp-json\/wp\/v2\/types\/product"}],"wp:featuredmedia":[{"embeddable":true,"href":"https:\/\/www.deltamoveis.com.br\/site\/wp-json\/wp\/v2\/media\/2569"}],"wp:attachment":[{"href":"https:\/\/www.deltamoveis.com.br\/site\/wp-json\/wp\/v2\/media?parent=2432"}],"wp:term":[{"taxonomy":"product_cat","embeddable":true,"href":"https:\/\/www.deltamoveis.com.br\/site\/wp-json\/wp\/v2\/product_cat?post=2432"},{"taxonomy":"product_tag","embeddable":true,"href":"https:\/\/www.deltamoveis.com.br\/site\/wp-json\/wp\/v2\/product_tag?post=2432"}],"curies":[{"name":"wp","href":"https:\/\/api.w.org\/{rel}","templated":true}]}}