{"id":2338,"date":"2022-12-01T16:01:43","date_gmt":"2022-12-01T19:01:43","guid":{"rendered":"https:\/\/www.deltamoveis.com.br\/site?post_type=product&#038;p=2338"},"modified":"2023-03-14T15:38:32","modified_gmt":"2023-03-14T18:38:32","slug":"caixa-30-litros","status":"publish","type":"product","link":"https:\/\/www.deltamoveis.com.br\/site\/produto\/caixa-30-litros\/","title":{"rendered":"CAIXA 30 LITROS"},"content":{"rendered":"<p><strong>Caixa 30 litros<\/strong><\/p>\n<p>Nossas caixas te ajudam na <strong>organiza\u00e7\u00e3o escolar<\/strong>, na <strong>organiza\u00e7\u00e3o do trabalho<\/strong> e na organiza\u00e7\u00e3o da sua <strong>casa.<\/strong><\/p>\n<p>A caixa de 30 litros, vem com porte m\u00e9dio para voc\u00ea<strong> guardar documentos e objetos.<\/strong><\/p>\n<p>Mas n\u00e3o deixa de ser <strong>espa\u00e7osa<\/strong>, vem com <strong>tampa de seguran\u00e7a<\/strong>, ideal na hora de transport\u00e1-las.<\/p>\n<p>Com v\u00e1rias<strong> cores<\/strong> tamb\u00e9m, para voc\u00ea <strong>decorar seu ambiente<\/strong> do jeito que imaginou<\/p>\n<p>Nossas caixas cont\u00eam qualidade em seu material <strong>do mais alto n\u00edvel.<\/strong><\/p>\n<ul>\n<li>V\u00e1rias cores<\/li>\n<li>Tampa de seguran\u00e7a<\/li>\n<li>Dur\u00e1vel<\/li>\n<li>Espa\u00e7osa<\/li>\n<\/ul>\n","protected":false},"excerpt":{"rendered":"<p>Caixa 30 litros Nossas caixas te ajudam na organiza\u00e7\u00e3o escolar, na organiza\u00e7\u00e3o do trabalho e na organiza\u00e7\u00e3o da sua casa. A caixa de 30 litros, vem com porte m\u00e9dio para voc\u00ea guardar documentos e objetos. Mas n\u00e3o deixa de ser espa\u00e7osa, vem com tampa de seguran\u00e7a, ideal na hora de transport\u00e1-las. Com v\u00e1rias cores tamb\u00e9m, [&hellip;]<\/p>\n","protected":false},"featured_media":2376,"template":"","meta":{"om_disable_all_campaigns":false},"product_cat":[35],"product_tag":[],"class_list":{"0":"post-2338","1":"product","2":"type-product","3":"status-publish","4":"has-post-thumbnail","6":"product_cat-caixas","8":"first","9":"instock","10":"shipping-taxable","11":"purchasable","12":"product-type-variable"},"acf":[],"aioseo_notices":[],"_links":{"self":[{"href":"https:\/\/www.deltamoveis.com.br\/site\/wp-json\/wp\/v2\/product\/2338","targetHints":{"allow":["GET"]}}],"collection":[{"href":"https:\/\/www.deltamoveis.com.br\/site\/wp-json\/wp\/v2\/product"}],"about":[{"href":"https:\/\/www.deltamoveis.com.br\/site\/wp-json\/wp\/v2\/types\/product"}],"wp:featuredmedia":[{"embeddable":true,"href":"https:\/\/www.deltamoveis.com.br\/site\/wp-json\/wp\/v2\/media\/2376"}],"wp:attachment":[{"href":"https:\/\/www.deltamoveis.com.br\/site\/wp-json\/wp\/v2\/media?parent=2338"}],"wp:term":[{"taxonomy":"product_cat","embeddable":true,"href":"https:\/\/www.deltamoveis.com.br\/site\/wp-json\/wp\/v2\/product_cat?post=2338"},{"taxonomy":"product_tag","embeddable":true,"href":"https:\/\/www.deltamoveis.com.br\/site\/wp-json\/wp\/v2\/product_tag?post=2338"}],"curies":[{"name":"wp","href":"https:\/\/api.w.org\/{rel}","templated":true}]}}