{"id":2252,"date":"2022-11-30T15:27:25","date_gmt":"2022-11-30T18:27:25","guid":{"rendered":"https:\/\/www.deltamoveis.com.br\/site?post_type=product&#038;p=2252"},"modified":"2023-06-01T10:28:09","modified_gmt":"2023-06-01T13:28:09","slug":"assento-esportivo-com-encosto","status":"publish","type":"product","link":"https:\/\/www.deltamoveis.com.br\/site\/produto\/assento-esportivo-com-encosto\/","title":{"rendered":"ASSENTO ESPORTIVO DESK CE"},"content":{"rendered":"<p><strong>ASSENTO DESPORTIVO COM ENCOSTO\u00a0<\/strong><\/p>\n<ul>\n<li>Assento Desportivo com encosto em ABS.<\/li>\n<li>Assento em v\u00e1rias\u00a0 cores<\/li>\n<li>Design leve e atual<\/li>\n<li>Para est\u00e1dio e gin\u00e1sios<\/li>\n<li>Seguran\u00e7a e qualidade<\/li>\n<\/ul>\n","protected":false},"excerpt":{"rendered":"<p>ASSENTO DESPORTIVO COM ENCOSTO\u00a0 Assento Desportivo com encosto em ABS. Assento em v\u00e1rias\u00a0 cores Design leve e atual Para est\u00e1dio e gin\u00e1sios Seguran\u00e7a e qualidade<\/p>\n","protected":false},"featured_media":2260,"template":"","meta":{"om_disable_all_campaigns":false},"product_cat":[54,37],"product_tag":[],"class_list":{"0":"post-2252","1":"product","2":"type-product","3":"status-publish","4":"has-post-thumbnail","6":"product_cat-assentos","7":"product_cat-esportivos","9":"first","10":"instock","11":"shipping-taxable","12":"purchasable","13":"product-type-variable"},"acf":[],"aioseo_notices":[],"_links":{"self":[{"href":"https:\/\/www.deltamoveis.com.br\/site\/wp-json\/wp\/v2\/product\/2252","targetHints":{"allow":["GET"]}}],"collection":[{"href":"https:\/\/www.deltamoveis.com.br\/site\/wp-json\/wp\/v2\/product"}],"about":[{"href":"https:\/\/www.deltamoveis.com.br\/site\/wp-json\/wp\/v2\/types\/product"}],"wp:featuredmedia":[{"embeddable":true,"href":"https:\/\/www.deltamoveis.com.br\/site\/wp-json\/wp\/v2\/media\/2260"}],"wp:attachment":[{"href":"https:\/\/www.deltamoveis.com.br\/site\/wp-json\/wp\/v2\/media?parent=2252"}],"wp:term":[{"taxonomy":"product_cat","embeddable":true,"href":"https:\/\/www.deltamoveis.com.br\/site\/wp-json\/wp\/v2\/product_cat?post=2252"},{"taxonomy":"product_tag","embeddable":true,"href":"https:\/\/www.deltamoveis.com.br\/site\/wp-json\/wp\/v2\/product_tag?post=2252"}],"curies":[{"name":"wp","href":"https:\/\/api.w.org\/{rel}","templated":true}]}}